{"id":444,"date":"2019-11-01T10:05:58","date_gmt":"2019-11-01T10:05:58","guid":{"rendered":"http:\/\/demo.athemes.com\/sydney-redesign\/?page_id=444"},"modified":"2024-11-29T11:32:52","modified_gmt":"2024-11-29T11:32:52","slug":"contact","status":"publish","type":"page","link":"https:\/\/oknenet.cz\/index.php\/contact\/","title":{"rendered":"Kontakt"},"content":{"rendered":"<p>Kontakt<\/p>\n<p>\t\t\t<iframe frameborder=\"0\" scrolling=\"no\" marginheight=\"0\" marginwidth=\"0\" src=\"https:\/\/maps.google.com\/maps?q=Lan%C5%A1kroun%20Opletalova%20156&amp;t=m&amp;z=18&amp;output=embed&amp;iwloc=near\" title=\"Lan\u0161kroun Opletalova 156\" aria-label=\"Lan\u0161kroun Opletalova 156\"><\/iframe>\t\t<\/p>\n<p>Adresa<\/p>\n<p>\t\t\t\t\tOpletalova 156, Lan\u0161kroun 56301<\/p>\n<p>Email a telefon<\/p>\n<p>\t\t\t\t\t+420777797881<br \/>\n\t\t\t\t\tobchod@oknenet.cz<br \/>\n\t\t\t\t\tI\u010cO 08816301<br \/>\n\t\t\t\t\tDI\u010c CZ08816301<\/p>\n","protected":false},"excerpt":{"rendered":"<p>Kontakt Adresa Opletalova 156, Lan\u0161kroun 56301 Email a telefon +420777797881 obchod@oknenet.cz I\u010cO 08816301 DI\u010c CZ08816301<\/p>\n","protected":false},"author":1,"featured_media":0,"parent":0,"menu_order":0,"comment_status":"closed","ping_status":"closed","template":"page-templates\/page_front-page.php","meta":{"footnotes":""},"class_list":["post-444","page","type-page","status-publish","hentry"],"_links":{"self":[{"href":"https:\/\/oknenet.cz\/index.php\/wp-json\/wp\/v2\/pages\/444","targetHints":{"allow":["GET"]}}],"collection":[{"href":"https:\/\/oknenet.cz\/index.php\/wp-json\/wp\/v2\/pages"}],"about":[{"href":"https:\/\/oknenet.cz\/index.php\/wp-json\/wp\/v2\/types\/page"}],"author":[{"embeddable":true,"href":"https:\/\/oknenet.cz\/index.php\/wp-json\/wp\/v2\/users\/1"}],"replies":[{"embeddable":true,"href":"https:\/\/oknenet.cz\/index.php\/wp-json\/wp\/v2\/comments?post=444"}],"version-history":[{"count":9,"href":"https:\/\/oknenet.cz\/index.php\/wp-json\/wp\/v2\/pages\/444\/revisions"}],"predecessor-version":[{"id":591,"href":"https:\/\/oknenet.cz\/index.php\/wp-json\/wp\/v2\/pages\/444\/revisions\/591"}],"wp:attachment":[{"href":"https:\/\/oknenet.cz\/index.php\/wp-json\/wp\/v2\/media?parent=444"}],"curies":[{"name":"wp","href":"https:\/\/api.w.org\/{rel}","templated":true}]}}